ors of 856503.
3, 59, 1613
What are the prime factors of 6017462?
2, 11, 273521
What are the prime factors of 6969663?
3, 197, 3931
List the prime factors of 529327.
529327
List the prime factors of 386060.
2, 5, 97, 199
What are the prime factors of 52956?
2, 3, 1471
List the prime factors of 138427.
138427
List the prime factors of 3711087.
3, 412343
What are the prime factors of 552301?
552301
What are the prime factors of 20937552?
2, 3, 41, 10639
List the prime factors of 505773.
3, 56197
List the prime factors of 52784.
2, 3299
What are the prime factors of 724417?
269, 2693
What are the prime factors of 3861227?
17, 227131
What are the prime factors of 700470?
2, 3, 5, 43, 181
List the prime factors of 214800.
2, 3, 5, 179
List the prime factors of 4480184.
2, 560023
List the prime factors of 3935378.
2, 1019, 1931
List the prime factors of 644950.
2, 5, 12899
What are the prime factors of 424982?
2, 37, 5743
What are the prime factors of 264312?
2, 3, 3671
List the prime factors of 1979660.
2, 5, 31, 103
List the prime factors of 380924.
2, 95231
What are the prime factors of 91237?
91237
What are the prime factors of 564267?
3, 11, 17099
What are the prime factors of 4700002?
2, 2350001
What are the prime factors of 36864?
2, 3
What are the prime factors of 20729?
19, 1091
List the prime factors of 306805.
5, 43, 1427
List the prime factors of 10559870.
2, 5, 67, 15761
List the prime factors of 552706.
2, 7, 11, 37, 97
What are the prime factors of 3014308?
2, 11, 68507
What are the prime factors of 775489?
11, 13, 17, 29
List the prime factors of 696378.
2, 3, 277, 419
List the prime factors of 58910.
2, 5, 43, 137
What are the prime factors of 300255?
3, 5, 37, 541
List the prime factors of 197961.
3, 19, 23, 151
List the prime factors of 526980.
2, 3, 5, 8783
List the prime factors of 1666853.
1666853
List the prime factors of 7603991.
43, 181, 977
List the prime factors of 214157.
331, 647
What are the prime factors of 85990?
2, 5, 8599
List the prime factors of 1323984.
2, 3, 27583
What are the prime factors of 177627?
3, 59209
List the prime factors of 410694.
2, 3, 68449
List the prime factors of 19846061.
19846061
What are the prime factors of 449625?
3, 5, 11, 109
List the prime factors of 4276686.
2, 3, 712781
List the prime factors of 19102284.
2, 3, 83, 2131
What are the prime factors of 415745?
5, 11, 7559
List the prime factors of 21131478.
2, 3, 149, 7879
List the prime factors of 2733011.
2733011
List the prime factors of 167275.
5, 6691
What are the prime factors of 233708?
2, 58427
List the prime factors of 260203.
367, 709
What are the prime factors of 203791?
7, 4159
What are the prime factors of 1800399?
3, 73, 8221
What are the prime factors of 3986277?
3, 397, 3347
List the prime factors of 146559.
3, 7, 997
What are the prime factors of 208936?
2, 7, 13, 41
List the prime factors of 2196624.
2, 3, 45763
List the prime factors of 4184429.
4184429
What are the prime factors of 12707041?
17, 43969
What are the prime factors of 74387?
73, 1019
List the prime factors of 8964005.
5, 1171, 1531
List the prime factors of 2588386.
2, 17, 76129
What are the prime factors of 879772?
2, 219943
What are the prime factors of 212738?
2, 17, 6257
List the prime factors of 4643171.
13, 23, 53, 293
What are the prime factors of 868773?
3, 73, 3967
What are the prime factors of 109554?
2, 3, 19, 31
List the prime factors of 168607.
139, 1213
What are the prime factors of 1708673?
113, 15121
List the prime factors of 809875.
5, 11, 19, 31
List the prime factors of 20304297.
3, 13, 57847
List the prime factors of 253600.
2, 5, 317
What are the prime factors of 1472003?
13, 199, 569
What are the prime factors of 11358881?
11358881
What are the prime factors of 2312914?
2, 1156457
List the prime factors of 1621981.
337, 4813
List the prime factors of 708891.
3, 236297
List the prime factors of 613457.
13, 47189
List the prime factors of 131228.
2, 53, 619
What are the prime factors of 348288?
2, 3, 907
What are the prime factors of 447323?
447323
List the prime factors of 386639.
11, 35149
List the prime factors of 786852.
2, 3, 11, 1987
List the prime factors of 396497.
23, 17239
List the prime factors of 5109020.
2, 5, 7, 36493
List the prime factors of 1589991.
3, 13, 59, 691
List the prime factors of 7128558.
2, 3, 396031
What are the prime factors of 13004187?
3, 7, 619247
List the prime factors of 6121466.
2, 13, 235441
What are the prime factors of 3084770?
2, 5, 13, 61, 389
What are the prime factors of 10889788?
2, 7, 13, 29917
What are the prime factors of 1516864?
2, 137, 173
What are the prime factors of 637670?
2, 5, 11, 17, 31
List the prime factors of 12383803.
17, 79, 9221
What are the prime factors of 193753?
7, 89, 311
What are the prime factors of 170460?
2, 3, 5, 947
List the prime factors of 128071.
89, 1439
What are the prime factors of 12952773?
3, 607, 2371
What are the prime factors of 2328112?
2, 227, 641
List the prime factors of 6890583.
3, 7, 41, 53, 151
What are the prime factors of 711377?
89, 7993
List the prime factors of 754107.
3, 173, 1453
List the prime factors of 7785801.
3, 19, 5059
List the prime factors of 160220.
2, 5, 8011
List the prime factors of 25350398.
2, 12675199
List the prime factors of 1997699.
11, 181609
What are the prime factors of 1709923?
1709923
What are the prime factors of 140635?
5, 11, 2557
List the prime factors of 6339806.
2, 11, 19, 29, 523
List the prime factors of 11286689.
1051, 10739
List the prime factors of 12790874.
2, 6395437
What are the prime factors of 10252302?
2, 3, 1708717
List the prime factors of 261772.
2, 7, 9349
List the prime factors of 193050.
2, 3, 5, 11, 13
What are the prime factors of 4058272?
2, 31, 4091
What are the prime factors of 1559260?
2, 5, 53, 1471
What are the prime factors of 193544?
2, 13, 1861
What are the prime factors of 840140?
2, 5, 7, 17, 353
What are the prime factors of 280952?
2, 7, 29, 173
What are the prime factors of 537330?
2, 3, 5, 17911
What are the prime factors of 3284971?
37, 47, 1889
What are the prime factors of 4919375?
5, 17, 463
List the prime factors of 16564705.
5, 3312941
What are the prime factors of 8403435?
3, 5, 186743
What are the prime factors of 1032458?
2, 7, 29, 2543
What are the prime factors of 1789132?
2, 347, 1289
List the prime factors of 416913.
3, 7, 19853
What are the prime factors of 250853?
250853
List the prime factors of 1313810.
2, 5, 131381
What are the prime factors of 5333345?
5, 1066669
What are the prime factors of 6480769?
151, 167, 257
List the prime factors of 6138110.
2, 5, 11, 41, 1361
What are the prime factors of 1509345?
3, 5, 17, 1973
List the prime factors of 1617284.
2, 404321
What are the prime factors of 892585?
5, 17, 10501
What are the prime factors of 159424?
2, 47, 53
List the prime factors of 3800726.
2, 1900363
List the prime factors of 328366.
2, 164183
What are the prime factors of 164753?
67, 2459
List the prime factors of 294955.
5, 58991
What are the prime factors of 256416?
2, 3, 2671
What are the prime factors of 374398?
2, 131, 1429
What are the prime factors of 735802?
2, 167, 2203
List the prime factors of 9207289.
7, 13, 43, 181
List the prime factors of 795802.
2, 7, 56843
What are the prime factors of 16575544?
2, 17, 307, 397
List the prime factors of 759469.
31, 24499
List the prime factors of 98159.
103, 953
List the prime factors of 3366295.
5, 53, 12703
What are the prime factors of 1672547?
71, 23557
What are the prime factors of 21089754?
2, 3, 7, 55793
What are the prime factors of 27142?
2, 41, 331
What are the prime factors of 369041?
41, 9001
What are the prime factors of 4239019?
107, 173, 229
List the prime factors of 28551.
3, 31, 307
What are the prime factors of 7318359?
3, 83, 97, 101
List the prime factors of 857189.
97, 8837
List the prime factors of 2135485.
5, 11, 41, 947
List the prime factors of 20188855.
5, 4037771
List the prime factors of 205396.
2, 51349
List the prime factors of 5054849.
41, 123289
What are the prime factors of 2084951?
11, 17231
List the prime factors of 23344141.
19, 43, 28573
List the prime factors of 298719.
3, 33191
List the prime factors of 20528952.
2, 3, 855373
List the prime factors of 1820